{"id":169,"date":"2013-07-11T13:49:53","date_gmt":"2013-07-11T11:49:53","guid":{"rendered":"http:\/\/www.very.co.at\/wordpress\/?page_id=169"},"modified":"2025-03-28T19:51:52","modified_gmt":"2025-03-28T17:51:52","slug":"referenzen","status":"publish","type":"page","link":"http:\/\/www.very.co.at\/wordpress\/referenzen\/","title":{"rendered":"Referenzen"},"content":{"rendered":"<p><strong><a href=\"https:\/\/www.servus.com\/de\/servusmagazin\/\">Red Bull Media House GmbH:<br \/>\nServus in Stadt &amp; Land<\/a><\/strong><\/p>\n<p><strong><a href=\"https:\/\/www.servus.com\/servus-kinder-magazin\/\">Red Bull Media House GmbH: <\/a><\/strong><br \/>\n<strong><a href=\"https:\/\/www.servus.com\/servus-kinder-magazin\/\">Servus Kinder<\/a><\/strong><\/p>\n<p><strong><a href=\"http:\/\/www.architektur-spiel-raum.at\/aktuell\">Architektur Spiel Raum K\u00e4rnten<\/a><\/strong><\/p>\n<p><strong><a href=\"https:\/\/architektur-kaernten.at\/\">Architektur Haus K\u00e4rnten<\/a><\/strong><\/p>\n<p><strong><a href=\"http:\/\/www.bigbang.at\/\">BIG BANG GMBH<\/a><\/strong><\/p>\n<p><strong><a href=\"https:\/\/sandwirth.at\/\">Hotel Sandwirth GmbH<\/a><\/strong><\/p>\n<p><strong><a href=\"https:\/\/www.aberjung.com\/\">Aberjung<\/a><\/strong><\/p>\n<p><strong><a href=\"https:\/\/www.wanderhotels.com\/\">Tourismusverein Wanderhotels in Europa e.V.<\/a><\/strong><\/p>\n<p><strong><a href=\"https:\/\/www.kraeuterdorf.at\/\">Natur- &amp; Kr\u00e4uterdorf Irschen<\/a><\/strong><\/p>\n<p><strong><a href=\"https:\/\/www.stadttheater-klagenfurt.at\/\">Stadttheater Klagenfurt<\/a><\/strong><\/p>\n<p><strong><a href=\"https:\/\/villach.at\/\">Stadt Villach<\/a><\/strong><\/p>\n","protected":false},"excerpt":{"rendered":"<p>Red Bull Media House GmbH: Servus in Stadt &amp; Land Red Bull Media House GmbH: Servus Kinder Architektur Spiel Raum K\u00e4rnten Architektur Haus K\u00e4rnten BIG BANG GMBH Hotel Sandwirth GmbH Aberjung Tourismusverein Wanderhotels in Europa e.V. Natur- &amp; Kr\u00e4uterdorf Irschen Stadttheater Klagenfurt Stadt Villach<\/p>\n","protected":false},"author":1,"featured_media":0,"parent":0,"menu_order":0,"comment_status":"closed","ping_status":"closed","template":"","meta":{"footnotes":""},"_links":{"self":[{"href":"http:\/\/www.very.co.at\/wordpress\/wp-json\/wp\/v2\/pages\/169"}],"collection":[{"href":"http:\/\/www.very.co.at\/wordpress\/wp-json\/wp\/v2\/pages"}],"about":[{"href":"http:\/\/www.very.co.at\/wordpress\/wp-json\/wp\/v2\/types\/page"}],"author":[{"embeddable":true,"href":"http:\/\/www.very.co.at\/wordpress\/wp-json\/wp\/v2\/users\/1"}],"replies":[{"embeddable":true,"href":"http:\/\/www.very.co.at\/wordpress\/wp-json\/wp\/v2\/comments?post=169"}],"version-history":[{"count":40,"href":"http:\/\/www.very.co.at\/wordpress\/wp-json\/wp\/v2\/pages\/169\/revisions"}],"predecessor-version":[{"id":1598,"href":"http:\/\/www.very.co.at\/wordpress\/wp-json\/wp\/v2\/pages\/169\/revisions\/1598"}],"wp:attachment":[{"href":"http:\/\/www.very.co.at\/wordpress\/wp-json\/wp\/v2\/media?parent=169"}],"curies":[{"name":"wp","href":"https:\/\/api.w.org\/{rel}","templated":true}]}}